 = 43 - n. Is 12 a factor of s?
False
Let s be 2/8 + 126/8. Let k = 24 - s. Does 8 divide k?
True
Let a(u) = -179*u**2 + 8*u - 5. Let k(d) = -45*d**2 + 2*d - 1. Let t(x) = 2*a(x) - 9*k(x). Does 20 divide t(-1)?
False
Let s = 5 - -7. Does 11 divide 1/(s/9)*44?
True
Suppose -i + 2 = -49. Does 7 divide i?
False
Suppose -3*i = 2*i - j - 107, 25 = i - 2*j. Suppose 0 = 2*u - 7 - i. Does 12 divide u?
False
Is 18 a factor of (-15*4/(-36))/(1/21)?
False
Suppose -360 = -4*c - 3*n - 2*n, 0 = 2*n. Is c a multiple of 15?
True
Let a be 103 + (-2 - -6)/(-4). Let y = -41 + a. Does 15 divide y?
False
Let w(s) = -20*s**2 + 20*s - 18. Let b(o) = -7*o**2 + 7*o - 6. Let k(m) = 17*b(m) - 6*w(m). Let v(h) = h - 1. Let j be v(1). Does 6 divide k(j)?
True
Let m be 70/(-12) + 1/(-6). Let x(f) = -f**3 - 5*f**2 + 3*f - 2. Let w be x(m). Suppose -4*c = -2*j + w, j - 2*c = -j + 14. Is 4 a factor of j?
False
Let n(s) = -113*s. Let q be n(-1). Suppose 4*c - 3*v - 323 = 0, c = -0*c - 2*v + 67. Let z = q - c. Is z a multiple of 12?
True
Suppose 2*q = 3*q - 5. Suppose 0 = q*b + 3*u - 126, -2*b - u + 51 = -0*b. Is b a multiple of 8?
False
Suppose 3*c = -5 - 19. Let l(w) = -w**3 - 3*w**2 - 5*w - 3. Let m be l(-3). Let b = m - c. Is 10 a factor of b?
True
Let u = -51 + 74. Suppose 0 = -b + u. Does 23 divide b?
True
Suppose 2*n - 186 + 18 = 0. Suppose -n = -5*u + 2*u. Is u a multiple of 14?
True
Suppose 5*d = 4*o + 7, -10 + 26 = 2*o + 4*d. Suppose o*p = 2*l - 40, -6*l = -3*l + 5*p - 92. Is l a multiple of 12?
True
Let z(w) = 2*w**3 - 6*w**2 + 5*w - 10. Let o be z(4). Let a = 63 - o. Is 14 a factor of a?
False
Let o(z) = -z**2 + 14*z + 8. Let v be o(10). Suppose -48 = -2*f + 4*b, -5*f - 2*b + 180 - v = 0. Is 11 a factor of f?
False
Suppose -5*k + 11 - 1 = 0. Suppose 31 = z - 3*j, 3*z - j - 21 = k*z. Is 16 a factor of z?
True
Is 1/((2/(-3))/(-2)) - -64 a multiple of 25?
False
Let x(f) = -7*f**3 - 2 + f**2 - 2 + 5 + f. Suppose 0 = 3*n + 2 + 1. Does 4 divide x(n)?
True
Let f = 4 - 1. Let d = f - -2. Suppose 3*y - d = 79. Is 11 a factor of y?
False
Let b = 16 - -24. Does 33 divide b?
False
Let u = -7 - 8. Let r(y) = -y**3 + 5*y**2 + 5*y - 2. Let p be r(6). Let i = p - u. Is 5 a factor of i?
False
Let o(f) = -11*f - 5. Does 5 divide o(-2)?
False
Does 10 divide 34/2 - (-3)/((-3)/(-2))?
False
Let m = 219 + -58. Does 10 divide m?
False
Suppose -8 = y + 5*o, -y - 3*o = -0*y. Does 6 divide y?
True
Let h(t) = 2*t - 3. Let r(o) = -o**3 + 9*o**2 - 8*o + 4. Let l be r(8). Is h(l) even?
False
Suppose 4*q + x = -3*x + 576, 4*q - 611 = 3*x. Is 36 a factor of q?
False
Let s(t) = -t**2 + 5*t + 32. Is 7 a factor of s(6)?
False
Let y = 28 - 24. Suppose 225 = y*o - 0*x + x, -3*o - 5*x = -173. Does 16 divide o?
False
Let o be 2 - (1 + 2 - 6). Suppose -o*d + d - 48 = -4*u, -4*u = -3*d - 52. Is 7 a factor of u?
False
Let p = -100 + 277. Is 21 a factor of p?
False
Suppose 2*y - 5*c = -3*y - 40, -c = 5*y + 58. Is 6 a factor of (-284)/y - (-14)/77?
False
Suppose 7*x = -4*x + 473. Is x a multiple of 5?
False
Let n be (-38 - -1 - 0)*-3. Suppose -3*y = 4*u - 31, -2*y + 3*y + 4*u = 21. Suppose 0 = -y*o + n + 24. Is o a multiple of 12?
False
Suppose 3*n - 4*j = n + 94, -4*n - 2*j + 208 = 0. Is n a multiple of 4?
False
Let f = 6 - 4. Let q be -232*(f - (-22)/(-8)). Suppose 5*h - 31 = q. Does 21 divide h?
False
Let f(v) be the third derivative of 0*v**5 + 1/12*v**4 + 1/120*v**6 + v**2 + 0*v**3 + 0*v + 0. Is 6 a factor of f(2)?
True
Let c(z) = -14*z. Suppose 7 + 22 = q. Suppose -7 = -w + 2*r, 4*w + 5*r - 5 = -q. Is c(w) a multiple of 14?
True
Suppose -3*y = -0*y. Suppose -4*l + 5*q = -77, y = 4*l + 2*q - q - 71. Is l a multiple of 9?
True
Suppose 0 = 3*i + 15 + 3. Let u = -3 - i. Suppose u*y = 5*c - y - 34, 56 = 4*c + 4*y. Does 5 divide c?
True
Let t = 197 + -70. Is 24 a factor of t?
False
Suppose -c + 20 = -3*c + 4*n, 3*n = 15. Suppose -3*x + 46 = p + 4*p, c = 3*p + 12. Is 22 a factor of x?
True
Suppose 5*n = 5*f + 900, n + f = -f + 165. Does 22 divide n?
False
Let l(p) be the second derivative of p**4/12 + 2*p**3/3 + 5*p**2/2 + p. Let u be l(-5). Let d = u + -1. Is d a multiple of 9?
True
Does 2 divide ((-28)/(-8) - (7 - 3))*-58?
False
Let t(q) = -q**2 + 4*q + 7. Let y be t(6). Let a be 10/y - 2/(-1). Suppose a*f - f + 11 = 0. Does 11 divide f?
True
Suppose 116 = -a + 369. Is 11 a factor of a?
True
Is (-4)/8*-206 - 1 a multiple of 17?
True
Let z = 20 - 12. Let r = 17 - z. Is r a multiple of 4?
False
Suppose -19 = -y + 5*k, -2*y + k = 3*y + 1. Is y/(1/(-48)) + -3 a multiple of 14?
False
Let z be (-3)/((-3)/2) + 0. Suppose -g + z = 1. Is 17 a factor of 2/(g*(-2)/(-17))?
True
Let c(s) = -s**2 + s - 9. Let i be (-5)/(-15) + 1/(-3). Let q be c(i). Is (-142)/q + (-2)/(-9) a multiple of 8?
True
Is 15 a factor of (12/10)/((-3)/450*-3)?
True
Let d(z) = -3*z**2 + 3 + 0*z - 7*z - z**3 - 5*z**2. Let r be d(-7). Is ((-14)/r)/(1/(-3)) a multiple of 14?
True
Let p = 35 + -21. Is 7 a factor of p?
True
Suppose 5*k - 5*s - 21 = 169, 50 = k + 2*s. Is k a multiple of 7?
True
Let l(b) be the second derivative of 9*b**5/20 - b**4/3 - b**3/2 - b**2/2 - b. Let h be l(-2). Let x = -45 - h. Is 13 a factor of x?
False
Let r(d) = d**3 - d**2 + 4*d - 3. Is r(4) a multiple of 27?
False
Let u be 3 + 12/(-3) + 23. Suppose -u*b = -24*b + 18. Is b even?
False
Let f(i) = 7*i - 60. Does 17 divide f(11)?
True
Suppose -z = -3*z - 78. Let y = z + 58. Does 18 divide y?
False
Let p be 1 + -2 + -2 + 5. Suppose -4 = -p*b + 6. Does 4 divide b?
False
Let t(q) = -q**3 + 4*q**2. Let w be t(4). Suppose w*c - 4*c + 16 = 0. Suppose -41 = -2*b - 9*v + c*v, 0 = -v - 1. Is b a multiple of 13?
False
Suppose 5*g - 23 = -v, -6*g = 2*v - g - 46. Does 7 divide v?
False
Let l(o) = 112*o**2 + 10*o. Is 24 a factor of l(2)?
False
Let m(b) = b**3 - 7*b**2 - 7*b - 3. Is 3 a factor of m(8)?
False
Let v be (1 + -1)/(12/(-4)). Suppose v*f = -f, -4*d - 5*f = -16. Does 4 divide d?
True
Suppose -5*q = -3*h + 4*h - 127, 2*h = -q + 227. Is h a multiple of 32?
False
Let h(v) = 9*v**2 - 27*v + 11. Let b(f) = -5*f**2 + 14*f - 6. Let y(o) = -7*b(o) - 4*h(o). Let t be y(9). Does 12 divide (t/2)/((-5)/(-50))?
False
Suppose -2*b + 2*f - 56 = 0, -2*b + 4*f = -5*b - 84. Let v = 61 + b. Is 12 a factor of v?
False
Does 13 divide (0 - 3 - -5) + 165?
False
Suppose 3*f = 5*f - 26. Suppose 0 = 4*r - 5*l - 15 - f, -r - l = 2. Suppose -84 = -r*h - h. Does 18 divide h?
False
Let c(s) = -s**3 + 5*s**2 - 3*s - 1. Suppose -5*g + 2*o + 23 = 0, -o - 2*o - 12 = 0. Is 4 a factor of c(g)?
True
Suppose -5*d - 2 = -7*d. Let s(z) = 3*z. Is 3 a factor of s(d)?
True
Let a(q) = 4 + 0*q - 1 + 7*q + 3. Is a(6) a multiple of 24?
True
Suppose 0 = 3*y - y + 4. Does 11 divide y/(-5) + 212/20?
True
Suppose -4*a - 2*o = -3*o - 65, 20 = -4*o. Let l be (-6)/(-2) + (-2 - -14). Suppose -g + l = -a. Is g a multiple of 15?
True
Let r(p) be the third derivative of -p**6/120 + p**5/12 - p**4/6 + p**3/3 - p**2. Let y be r(4). Suppose 4 = -0*x + y*x. Is 2 a factor of x?
True
Suppose 4*d + 4*q = 300, -d + 255 = 3*d - 5*q. Is d a multiple of 14?
True
Let g(l) = l**2 - 11*l - 21. Is g(13) a multiple of 2?
False
Let z(y) = -y**3 + y + 75. Let g be z(0). Suppose k + 26 = 3*i, -4 - 2 = -i + 3*k. Suppose g = 4*v - i. Is v a multiple of 19?
False
Let h(f) = -f**2 - 11*f + 7. Let s be h(-11). Is (-4)/2 + s + 1 a multiple of 3?
True
Suppose 5*s + 15 = 0, 2*l + 5*s + 5 + 16 = 0. Is 6 a factor of -6*(-2 - (4 + l))?
True
Let u(a) = a**3 + 5*a**2 - 24*a - 3. Is 13 a factor of u(-7)?
False
Suppose -9*z + 21 = -6*z. Is z a multiple of 3?
False
Let c = -1 + 2. Suppose c + 5 = 3*j, 4*l + 150 = 3*j. Does 9 divide 2 - -1 - l/4?
False
Let i(a) = -a**3 + 59. Suppose 0 = -3*l + p - 4, 2*p - 5 = -4*l + 3. Let d be i(l). Suppose -14 = 5*k - d. Does 4 divide k?
False
Suppose 23 = -5*j + 3*u - 3, 3*j = -5*u - 36. Let w be 6/21 - 12/j. Suppose -2*t - 1 = -p + w, t = -p + 15. Does 6 divide p?
False
Let p(t) = -5*t + 1. Let u be p(-4). Is (u/6)/(1/6) a multiple of 7?
True
Let l(h) = -4*h - 16. Let y(x) = -5*x - 1. Let z be y(1). Is l(z) a multiple of 8?
True
Let x = -16 - -34. Let m = 26 - x. Does 4 divide m?
True
Let t(p) = 4*p + 4. Let h be t(-4). Let b = h - -51. Does 15 divide b?
False
Does 4 divide 466/18 + 1/9?
False
Suppose -2*p + 80 = 2*p. Let n(j) = 2